{"id":1882,"date":"2025-11-29T09:56:39","date_gmt":"2025-11-29T08:56:39","guid":{"rendered":"https:\/\/atraversombreedanjou.fr\/?page_id=1882"},"modified":"2025-11-29T11:09:45","modified_gmt":"2025-11-29T10:09:45","slug":"bel-air-grand-prix-cycliste-du-comite-des-fetes","status":"publish","type":"page","link":"https:\/\/atraversombreedanjou.fr\/index.php\/bel-air-grand-prix-cycliste-du-comite-des-fetes\/","title":{"rendered":"Bel-Air : grand prix cycliste du comit\u00e9 des f\u00eates"},"content":{"rendered":"\t\t<div data-elementor-type=\"wp-page\" data-elementor-id=\"1882\" class=\"elementor elementor-1882\">\n\t\t\t\t\t\t\t\t\t<section class=\"elementor-section elementor-top-section elementor-element elementor-element-ded8cca elementor-section-full_width elementor-section-stretched elementor-section-height-default elementor-section-height-default\" data-id=\"ded8cca\" data-element_type=\"section\" data-settings=\"{&quot;stretch_section&quot;:&quot;section-stretched&quot;,&quot;background_background&quot;:&quot;classic&quot;}\">\n\t\t\t\t\t\t<div class=\"elementor-container elementor-column-gap-narrow\">\n\t\t\t\t\t<div class=\"elementor-column elementor-col-100 elementor-top-column elementor-element elementor-element-b7887e2\" data-id=\"b7887e2\" data-element_type=\"column\">\n\t\t\t<div class=\"elementor-widget-wrap elementor-element-populated\">\n\t\t\t\t\t\t\t\t<div class=\"elementor-element elementor-element-c90b047 elementor-widget__width-inherit elementor-widget elementor-widget-heading\" data-id=\"c90b047\" data-element_type=\"widget\" data-widget_type=\"heading.default\">\n\t\t\t\t<div class=\"elementor-widget-container\">\n\t\t\t<style>\/*! elementor - v3.11.3 - 07-03-2023 *\/\n.elementor-heading-title{padding:0;margin:0;line-height:1}.elementor-widget-heading .elementor-heading-title[class*=elementor-size-]>a{color:inherit;font-size:inherit;line-height:inherit}.elementor-widget-heading .elementor-heading-title.elementor-size-small{font-size:15px}.elementor-widget-heading .elementor-heading-title.elementor-size-medium{font-size:19px}.elementor-widget-heading .elementor-heading-title.elementor-size-large{font-size:29px}.elementor-widget-heading .elementor-heading-title.elementor-size-xl{font-size:39px}.elementor-widget-heading .elementor-heading-title.elementor-size-xxl{font-size:59px}<\/style><h2 class=\"elementor-heading-title elementor-size-default\">9 mai 2026<br> <br>Grand prix cycliste du comit\u00e9 des f\u00eates bel-air<br><\/h2>\t\t<\/div>\n\t\t\t\t<\/div>\n\t\t\t\t\t<\/div>\n\t\t<\/div>\n\t\t\t\t\t\t\t<\/div>\n\t\t<\/section>\n\t\t\t\t\t\t\t<\/div>\n\t\t","protected":false},"excerpt":{"rendered":"<p>9 mai 2026 Grand prix cycliste du comit\u00e9 des f\u00eates bel-air<\/p>\n","protected":false},"author":2,"featured_media":0,"parent":0,"menu_order":0,"comment_status":"closed","ping_status":"closed","template":"","meta":{"_monsterinsights_skip_tracking":false,"_monsterinsights_sitenote_active":false,"_monsterinsights_sitenote_note":"","_monsterinsights_sitenote_category":0,"footnotes":""},"class_list":["post-1882","page","type-page","status-publish","hentry"],"yoast_head":"<!-- This site is optimized with the Yoast SEO plugin v20.8 - https:\/\/yoast.com\/wordpress\/plugins\/seo\/ -->\n<title>Bel-Air : grand prix cycliste du comit\u00e9 des f\u00eates - A Travers Ombr\u00e9e d&#039;Anjou site officiel<\/title>\n<meta name=\"robots\" content=\"index, follow, max-snippet:-1, max-image-preview:large, max-video-preview:-1\" \/>\n<link rel=\"canonical\" href=\"https:\/\/atraversombreedanjou.fr\/index.php\/bel-air-grand-prix-cycliste-du-comite-des-fetes\/\" \/>\n<meta property=\"og:locale\" content=\"fr_FR\" \/>\n<meta property=\"og:type\" content=\"article\" \/>\n<meta property=\"og:title\" content=\"Bel-Air : grand prix cycliste du comit\u00e9 des f\u00eates - A Travers Ombr\u00e9e d&#039;Anjou site officiel\" \/>\n<meta property=\"og:description\" content=\"9 mai 2026 Grand prix cycliste du comit\u00e9 des f\u00eates bel-air\" \/>\n<meta property=\"og:url\" content=\"https:\/\/atraversombreedanjou.fr\/index.php\/bel-air-grand-prix-cycliste-du-comite-des-fetes\/\" \/>\n<meta property=\"og:site_name\" content=\"A Travers Ombr\u00e9e d&#039;Anjou site officiel\" \/>\n<meta property=\"article:publisher\" content=\"https:\/\/www.facebook.com\/atraversombreedanjou.cotoa\" \/>\n<meta property=\"article:modified_time\" content=\"2025-11-29T10:09:45+00:00\" \/>\n<meta name=\"twitter:card\" content=\"summary_large_image\" \/>\n<meta name=\"twitter:label1\" content=\"Dur\u00e9e de lecture estim\u00e9e\" \/>\n\t<meta name=\"twitter:data1\" content=\"1 minute\" \/>\n<script type=\"application\/ld+json\" class=\"yoast-schema-graph\">{\"@context\":\"https:\/\/schema.org\",\"@graph\":[{\"@type\":\"WebPage\",\"@id\":\"https:\/\/atraversombreedanjou.fr\/index.php\/bel-air-grand-prix-cycliste-du-comite-des-fetes\/\",\"url\":\"https:\/\/atraversombreedanjou.fr\/index.php\/bel-air-grand-prix-cycliste-du-comite-des-fetes\/\",\"name\":\"Bel-Air : grand prix cycliste du comit\u00e9 des f\u00eates - A Travers Ombr\u00e9e d&#039;Anjou site officiel\",\"isPartOf\":{\"@id\":\"https:\/\/atraversombreedanjou.fr\/#website\"},\"datePublished\":\"2025-11-29T08:56:39+00:00\",\"dateModified\":\"2025-11-29T10:09:45+00:00\",\"breadcrumb\":{\"@id\":\"https:\/\/atraversombreedanjou.fr\/index.php\/bel-air-grand-prix-cycliste-du-comite-des-fetes\/#breadcrumb\"},\"inLanguage\":\"fr-FR\",\"potentialAction\":[{\"@type\":\"ReadAction\",\"target\":[\"https:\/\/atraversombreedanjou.fr\/index.php\/bel-air-grand-prix-cycliste-du-comite-des-fetes\/\"]}]},{\"@type\":\"BreadcrumbList\",\"@id\":\"https:\/\/atraversombreedanjou.fr\/index.php\/bel-air-grand-prix-cycliste-du-comite-des-fetes\/#breadcrumb\",\"itemListElement\":[{\"@type\":\"ListItem\",\"position\":1,\"name\":\"Accueil\",\"item\":\"https:\/\/atraversombreedanjou.fr\/\"},{\"@type\":\"ListItem\",\"position\":2,\"name\":\"Bel-Air : grand prix cycliste du comit\u00e9 des f\u00eates\"}]},{\"@type\":\"WebSite\",\"@id\":\"https:\/\/atraversombreedanjou.fr\/#website\",\"url\":\"https:\/\/atraversombreedanjou.fr\/\",\"name\":\"A Travers Ombr\u00e9e d'Anjou\",\"description\":\"COTOA Organisation\",\"publisher\":{\"@id\":\"https:\/\/atraversombreedanjou.fr\/#organization\"},\"alternateName\":\"atraversombreedanjou\",\"potentialAction\":[{\"@type\":\"SearchAction\",\"target\":{\"@type\":\"EntryPoint\",\"urlTemplate\":\"https:\/\/atraversombreedanjou.fr\/?s={search_term_string}\"},\"query-input\":\"required name=search_term_string\"}],\"inLanguage\":\"fr-FR\"},{\"@type\":\"Organization\",\"@id\":\"https:\/\/atraversombreedanjou.fr\/#organization\",\"name\":\"Comit\u00e9 d\u2019Organisation \u00e0 Travers Ombr\u00e9e d\u2019Anjou\",\"alternateName\":\"COTOA\",\"url\":\"https:\/\/atraversombreedanjou.fr\/\",\"logo\":{\"@type\":\"ImageObject\",\"inLanguage\":\"fr-FR\",\"@id\":\"https:\/\/atraversombreedanjou.fr\/#\/schema\/logo\/image\/\",\"url\":\"https:\/\/atraversombreedanjou.fr\/wp-content\/uploads\/2023\/03\/logo-cotoa.png\",\"contentUrl\":\"https:\/\/atraversombreedanjou.fr\/wp-content\/uploads\/2023\/03\/logo-cotoa.png\",\"width\":764,\"height\":764,\"caption\":\"Comit\u00e9 d\u2019Organisation \u00e0 Travers Ombr\u00e9e d\u2019Anjou\"},\"image\":{\"@id\":\"https:\/\/atraversombreedanjou.fr\/#\/schema\/logo\/image\/\"},\"sameAs\":[\"https:\/\/www.facebook.com\/atraversombreedanjou.cotoa\"]}]}<\/script>\n<!-- \/ Yoast SEO plugin. -->","yoast_head_json":{"title":"Bel-Air : grand prix cycliste du comit\u00e9 des f\u00eates - A Travers Ombr\u00e9e d&#039;Anjou site officiel","robots":{"index":"index","follow":"follow","max-snippet":"max-snippet:-1","max-image-preview":"max-image-preview:large","max-video-preview":"max-video-preview:-1"},"canonical":"https:\/\/atraversombreedanjou.fr\/index.php\/bel-air-grand-prix-cycliste-du-comite-des-fetes\/","og_locale":"fr_FR","og_type":"article","og_title":"Bel-Air : grand prix cycliste du comit\u00e9 des f\u00eates - A Travers Ombr\u00e9e d&#039;Anjou site officiel","og_description":"9 mai 2026 Grand prix cycliste du comit\u00e9 des f\u00eates bel-air","og_url":"https:\/\/atraversombreedanjou.fr\/index.php\/bel-air-grand-prix-cycliste-du-comite-des-fetes\/","og_site_name":"A Travers Ombr\u00e9e d&#039;Anjou site officiel","article_publisher":"https:\/\/www.facebook.com\/atraversombreedanjou.cotoa","article_modified_time":"2025-11-29T10:09:45+00:00","twitter_card":"summary_large_image","twitter_misc":{"Dur\u00e9e de lecture estim\u00e9e":"1 minute"},"schema":{"@context":"https:\/\/schema.org","@graph":[{"@type":"WebPage","@id":"https:\/\/atraversombreedanjou.fr\/index.php\/bel-air-grand-prix-cycliste-du-comite-des-fetes\/","url":"https:\/\/atraversombreedanjou.fr\/index.php\/bel-air-grand-prix-cycliste-du-comite-des-fetes\/","name":"Bel-Air : grand prix cycliste du comit\u00e9 des f\u00eates - A Travers Ombr\u00e9e d&#039;Anjou site officiel","isPartOf":{"@id":"https:\/\/atraversombreedanjou.fr\/#website"},"datePublished":"2025-11-29T08:56:39+00:00","dateModified":"2025-11-29T10:09:45+00:00","breadcrumb":{"@id":"https:\/\/atraversombreedanjou.fr\/index.php\/bel-air-grand-prix-cycliste-du-comite-des-fetes\/#breadcrumb"},"inLanguage":"fr-FR","potentialAction":[{"@type":"ReadAction","target":["https:\/\/atraversombreedanjou.fr\/index.php\/bel-air-grand-prix-cycliste-du-comite-des-fetes\/"]}]},{"@type":"BreadcrumbList","@id":"https:\/\/atraversombreedanjou.fr\/index.php\/bel-air-grand-prix-cycliste-du-comite-des-fetes\/#breadcrumb","itemListElement":[{"@type":"ListItem","position":1,"name":"Accueil","item":"https:\/\/atraversombreedanjou.fr\/"},{"@type":"ListItem","position":2,"name":"Bel-Air : grand prix cycliste du comit\u00e9 des f\u00eates"}]},{"@type":"WebSite","@id":"https:\/\/atraversombreedanjou.fr\/#website","url":"https:\/\/atraversombreedanjou.fr\/","name":"A Travers Ombr\u00e9e d'Anjou","description":"COTOA Organisation","publisher":{"@id":"https:\/\/atraversombreedanjou.fr\/#organization"},"alternateName":"atraversombreedanjou","potentialAction":[{"@type":"SearchAction","target":{"@type":"EntryPoint","urlTemplate":"https:\/\/atraversombreedanjou.fr\/?s={search_term_string}"},"query-input":"required name=search_term_string"}],"inLanguage":"fr-FR"},{"@type":"Organization","@id":"https:\/\/atraversombreedanjou.fr\/#organization","name":"Comit\u00e9 d\u2019Organisation \u00e0 Travers Ombr\u00e9e d\u2019Anjou","alternateName":"COTOA","url":"https:\/\/atraversombreedanjou.fr\/","logo":{"@type":"ImageObject","inLanguage":"fr-FR","@id":"https:\/\/atraversombreedanjou.fr\/#\/schema\/logo\/image\/","url":"https:\/\/atraversombreedanjou.fr\/wp-content\/uploads\/2023\/03\/logo-cotoa.png","contentUrl":"https:\/\/atraversombreedanjou.fr\/wp-content\/uploads\/2023\/03\/logo-cotoa.png","width":764,"height":764,"caption":"Comit\u00e9 d\u2019Organisation \u00e0 Travers Ombr\u00e9e d\u2019Anjou"},"image":{"@id":"https:\/\/atraversombreedanjou.fr\/#\/schema\/logo\/image\/"},"sameAs":["https:\/\/www.facebook.com\/atraversombreedanjou.cotoa"]}]}},"_links":{"self":[{"href":"https:\/\/atraversombreedanjou.fr\/index.php\/wp-json\/wp\/v2\/pages\/1882","targetHints":{"allow":["GET"]}}],"collection":[{"href":"https:\/\/atraversombreedanjou.fr\/index.php\/wp-json\/wp\/v2\/pages"}],"about":[{"href":"https:\/\/atraversombreedanjou.fr\/index.php\/wp-json\/wp\/v2\/types\/page"}],"author":[{"embeddable":true,"href":"https:\/\/atraversombreedanjou.fr\/index.php\/wp-json\/wp\/v2\/users\/2"}],"replies":[{"embeddable":true,"href":"https:\/\/atraversombreedanjou.fr\/index.php\/wp-json\/wp\/v2\/comments?post=1882"}],"version-history":[{"count":23,"href":"https:\/\/atraversombreedanjou.fr\/index.php\/wp-json\/wp\/v2\/pages\/1882\/revisions"}],"predecessor-version":[{"id":1939,"href":"https:\/\/atraversombreedanjou.fr\/index.php\/wp-json\/wp\/v2\/pages\/1882\/revisions\/1939"}],"wp:attachment":[{"href":"https:\/\/atraversombreedanjou.fr\/index.php\/wp-json\/wp\/v2\/media?parent=1882"}],"curies":[{"name":"wp","href":"https:\/\/api.w.org\/{rel}","templated":true}]}}

Bel-Air : grand prix cycliste du comité des fêtes

<div data-elementor-type="wp-page" data-elementor-id="1882" class="elementor elementor-1882">
									<section class="elementor-section elementor-top-section elementor-element elementor-element-ded8cca elementor-section-full_width elementor-section-stretched elementor-section-height-default elementor-section-height-default" data-id="ded8cca" data-element_type="section" data-settings="{&quot;stretch_section&quot;:&quot;section-stretched&quot;,&quot;background_background&quot;:&quot;classic&quot;}">
						<div class="elementor-container elementor-column-gap-narrow">
					<div class="elementor-column elementor-col-100 elementor-top-column elementor-element elementor-element-b7887e2" data-id="b7887e2" data-element_type="column">
			<div class="elementor-widget-wrap elementor-element-populated">
								<div class="elementor-element elementor-element-c90b047 elementor-widget__width-inherit elementor-widget elementor-widget-heading" data-id="c90b047" data-element_type="widget" data-widget_type="heading.default">
				<div class="elementor-widget-container">
			<style>/*! elementor - v3.11.3 - 07-03-2023 */
.elementor-heading-title{padding:0;margin:0;line-height:1}.elementor-widget-heading .elementor-heading-title[class*=elementor-size-]>a{color:inherit;font-size:inherit;line-height:inherit}.elementor-widget-heading .elementor-heading-title.elementor-size-small{font-size:15px}.elementor-widget-heading .elementor-heading-title.elementor-size-medium{font-size:19px}.elementor-widget-heading .elementor-heading-title.elementor-size-large{font-size:29px}.elementor-widget-heading .elementor-heading-title.elementor-size-xl{font-size:39px}.elementor-widget-heading .elementor-heading-title.elementor-size-xxl{font-size:59px}</style><h2 class="elementor-heading-title elementor-size-default">9 mai 2026<br> <br>Grand prix cycliste du comité des fêtes bel-air<br></h2>		</div>
				</div>
					</div>
		</div>
							</div>
		</section>
							</div>

<p>9 mai 2026 Grand prix cycliste du comité des fêtes bel-air</p>

<!-- This site is optimized with the Yoast SEO plugin v20.8 - https://yoast.com/wordpress/plugins/seo/ -->
<title>Bel-Air : grand prix cycliste du comité des fêtes - A Travers Ombrée d&#039;Anjou site officiel</title>
<meta name="robots" content="index, follow, max-snippet:-1, max-image-preview:large, max-video-preview:-1" />
<link rel="canonical" href="https://atraversombreedanjou.fr/index.php/bel-air-grand-prix-cycliste-du-comite-des-fetes/" />
<meta property="og:locale" content="fr_FR" />
<meta property="og:type" content="article" />
<meta property="og:title" content="Bel-Air : grand prix cycliste du comité des fêtes - A Travers Ombrée d&#039;Anjou site officiel" />
<meta property="og:description" content="9 mai 2026 Grand prix cycliste du comité des fêtes bel-air" />
<meta property="og:url" content="https://atraversombreedanjou.fr/index.php/bel-air-grand-prix-cycliste-du-comite-des-fetes/" />
<meta property="og:site_name" content="A Travers Ombrée d&#039;Anjou site officiel" />
<meta property="article:publisher" content="https://www.facebook.com/atraversombreedanjou.cotoa" />
<meta property="article:modified_time" content="2025-11-29T10:09:45+00:00" />
<meta name="twitter:card" content="summary_large_image" />
<meta name="twitter:label1" content="Durée de lecture estimée" />
	<meta name="twitter:data1" content="1 minute" />
<script type="application/ld+json" class="yoast-schema-graph">{"@context":"https://schema.org","@graph":[{"@type":"WebPage","@id":"https://atraversombreedanjou.fr/index.php/bel-air-grand-prix-cycliste-du-comite-des-fetes/","url":"https://atraversombreedanjou.fr/index.php/bel-air-grand-prix-cycliste-du-comite-des-fetes/","name":"Bel-Air : grand prix cycliste du comité des fêtes - A Travers Ombrée d&#039;Anjou site officiel","isPartOf":{"@id":"https://atraversombreedanjou.fr/#website"},"datePublished":"2025-11-29T08:56:39+00:00","dateModified":"2025-11-29T10:09:45+00:00","breadcrumb":{"@id":"https://atraversombreedanjou.fr/index.php/bel-air-grand-prix-cycliste-du-comite-des-fetes/#breadcrumb"},"inLanguage":"fr-FR","potentialAction":[{"@type":"ReadAction","target":["https://atraversombreedanjou.fr/index.php/bel-air-grand-prix-cycliste-du-comite-des-fetes/"]}]},{"@type":"BreadcrumbList","@id":"https://atraversombreedanjou.fr/index.php/bel-air-grand-prix-cycliste-du-comite-des-fetes/#breadcrumb","itemListElement":[{"@type":"ListItem","position":1,"name":"Accueil","item":"https://atraversombreedanjou.fr/"},{"@type":"ListItem","position":2,"name":"Bel-Air : grand prix cycliste du comité des fêtes"}]},{"@type":"WebSite","@id":"https://atraversombreedanjou.fr/#website","url":"https://atraversombreedanjou.fr/","name":"A Travers Ombrée d'Anjou","description":"COTOA Organisation","publisher":{"@id":"https://atraversombreedanjou.fr/#organization"},"alternateName":"atraversombreedanjou","potentialAction":[{"@type":"SearchAction","target":{"@type":"EntryPoint","urlTemplate":"https://atraversombreedanjou.fr/?s={search_term_string}"},"query-input":"required name=search_term_string"}],"inLanguage":"fr-FR"},{"@type":"Organization","@id":"https://atraversombreedanjou.fr/#organization","name":"Comité d’Organisation à Travers Ombrée d’Anjou","alternateName":"COTOA","url":"https://atraversombreedanjou.fr/","logo":{"@type":"ImageObject","inLanguage":"fr-FR","@id":"https://atraversombreedanjou.fr/#/schema/logo/image/","url":"https://atraversombreedanjou.fr/wp-content/uploads/2023/03/logo-cotoa.png","contentUrl":"https://atraversombreedanjou.fr/wp-content/uploads/2023/03/logo-cotoa.png","width":764,"height":764,"caption":"Comité d’Organisation à Travers Ombrée d’Anjou"},"image":{"@id":"https://atraversombreedanjou.fr/#/schema/logo/image/"},"sameAs":["https://www.facebook.com/atraversombreedanjou.cotoa"]}]}</script>
<!-- / Yoast SEO plugin. -->

Bel-Air : grand prix cycliste du comité des fêtes - A Travers Ombrée d&#039;Anjou site officiel

9 mai 2026 Grand prix cycliste du comité des fêtes bel-air

A Travers Ombrée d&#039;Anjou site officiel

A Travers Ombrée d'Anjou

Comité d’Organisation à Travers Ombrée d’Anjou
